475?
5, 317, 2927
What are the prime factors of 8122384?
2, 199, 2551
List the prime factors of 2814003.
3, 191, 1637
List the prime factors of 256585.
5, 7, 7331
List the prime factors of 1092632.
2, 61, 2239
List the prime factors of 562383.
3, 53, 131
What are the prime factors of 5447790?
2, 3, 5, 20177
What are the prime factors of 4735684?
2, 31, 181, 211
What are the prime factors of 11768553?
3, 37, 59, 599
List the prime factors of 396873.
3, 14699
List the prime factors of 195591.
3, 11, 5927
List the prime factors of 1055303.
1055303
List the prime factors of 2559911.
17, 150583
What are the prime factors of 3913305?
3, 5, 11, 37, 641
What are the prime factors of 34556803?
151, 228853
What are the prime factors of 13902393?
3, 179, 25889
List the prime factors of 22439973.
3, 23, 325217
What are the prime factors of 4587007?
4587007
List the prime factors of 683000.
2, 5, 683
List the prime factors of 2440199.
71, 34369
List the prime factors of 579640.
2, 5, 43, 337
List the prime factors of 378916.
2, 43, 2203
List the prime factors of 10270192.
2, 229, 2803
List the prime factors of 90259.
13, 53, 131
List the prime factors of 130365.
3, 5, 2897
What are the prime factors of 903887?
19, 113, 421
List the prime factors of 16431.
3, 5477
List the prime factors of 31570049.
7, 2087, 2161
List the prime factors of 8727432.
2, 3, 7, 51949
What are the prime factors of 12581593?
1019, 12347
List the prime factors of 430968.
2, 3, 17957
What are the prime factors of 1896553?
79, 24007
List the prime factors of 450849.
3, 7, 3067
What are the prime factors of 3767402?
2, 43, 71, 617
What are the prime factors of 94469?
17, 5557
List the prime factors of 1942763.
1942763
What are the prime factors of 19490052?
2, 3, 1624171
List the prime factors of 171871.
7, 43, 571
What are the prime factors of 166532?
2, 17, 31, 79
What are the prime factors of 1780810?
2, 5, 37, 4813
List the prime factors of 15303770.
2, 5, 31, 49367
List the prime factors of 234018.
2, 3, 13001
List the prime factors of 310083.
3, 41, 2521
List the prime factors of 963495.
3, 5, 13, 61
List the prime factors of 5794810.
2, 5, 7, 19, 4357
What are the prime factors of 4073521?
4073521
What are the prime factors of 14235192?
2, 3, 197711
What are the prime factors of 3717989?
11, 337999
List the prime factors of 7146279.
3, 7, 37811
What are the prime factors of 10494467?
1109, 9463
List the prime factors of 638270.
2, 5, 83, 769
List the prime factors of 327650.
2, 5, 6553
What are the prime factors of 724187?
724187
List the prime factors of 806374.
2, 29, 13903
What are the prime factors of 504871?
504871
List the prime factors of 29603838.
2, 3, 11, 29, 15467
List the prime factors of 18982305.
3, 5, 113, 3733
List the prime factors of 164274.
2, 3, 11, 19, 131
What are the prime factors of 443679?
3, 71, 2083
What are the prime factors of 664130?
2, 5, 66413
What are the prime factors of 1392387?
3, 464129
What are the prime factors of 8026956?
2, 3, 7, 53, 601
List the prime factors of 315949.
315949
What are the prime factors of 264653?
383, 691
List the prime factors of 366978.
2, 3, 31, 1973
List the prime factors of 238790.
2, 5, 23879
What are the prime factors of 8113371?
3, 7, 97, 569
What are the prime factors of 426038?
2, 213019
What are the prime factors of 3724656?
2, 3, 13, 47, 127
What are the prime factors of 3172860?
2, 3, 5, 17627
List the prime factors of 2376523.
293, 8111
List the prime factors of 1426009.
13, 43, 2551
What are the prime factors of 10038428?
2, 149, 16843
What are the prime factors of 23968?
2, 7, 107
List the prime factors of 4190376.
2, 3, 174599
List the prime factors of 12242364.
2, 3, 53, 19249
What are the prime factors of 1820100?
2, 3, 5, 6067
What are the prime factors of 3977413?
11, 23, 79, 199
List the prime factors of 9527340.
2, 3, 5, 97, 1637
List the prime factors of 1899274.
2, 13, 17, 4297
What are the prime factors of 319676?
2, 7, 233
What are the prime factors of 2092416?
2, 3, 5449
List the prime factors of 1303424.
2, 17, 599
List the prime factors of 2279576.
2, 13, 23, 953
List the prime factors of 3308338.
2, 11, 150379
List the prime factors of 407739.
3, 135913
What are the prime factors of 955500?
2, 3, 5, 7, 13
List the prime factors of 12349900.
2, 5, 123499
List the prime factors of 466084.
2, 109, 1069
What are the prime factors of 155899?
31, 47, 107
What are the prime factors of 37167598?
2, 13, 1429523
What are the prime factors of 93485?
5, 7, 2671
List the prime factors of 460812.
2, 3, 11, 3491
List the prime factors of 1101448.
2, 131, 1051
What are the prime factors of 41862?
2, 3, 6977
List the prime factors of 129059.
7, 103, 179
What are the prime factors of 2988724?
2, 107, 6983
What are the prime factors of 13346777?
173, 179, 431
List the prime factors of 518382.
2, 3, 31, 929
What are the prime factors of 286704?
2, 3, 11, 181
List the prime factors of 1897050.
2, 3, 5, 12647
What are the prime factors of 245905?
5, 11, 17, 263
List the prime factors of 11201585.
5, 2240317
List the prime factors of 7731160.
2, 5, 347, 557
List the prime factors of 616708.
2, 53, 2909
What are the prime factors of 5211600?
2, 3, 5, 43, 101
List the prime factors of 951152.
2, 59447
List the prime factors of 193512.
2, 3, 11, 733
What are the prime factors of 5221098?
2, 3, 3581
What are the prime factors of 228146?
2, 114073
List the prime factors of 3839794.
2, 7, 274271
List the prime factors of 4895177.
7, 419, 1669
List the prime factors of 830054.
2, 173, 2399
List the prime factors of 818947.
818947
What are the prime factors of 1226701?
7, 31, 5653
What are the prime factors of 50405?
5, 17, 593
List the prime factors of 1524402.
2, 3, 11, 7699
List the prime factors of 9687640.
2, 5, 47, 5153
List the prime factors of 521034.
2, 3, 37, 2347
What are the prime factors of 289406?
2, 13, 11131
What are the prime factors of 834967?
7, 101, 1181
What are the prime factors of 3789?
3, 421
What are the prime factors of 379016?
2, 11, 59, 73
What are the prime factors of 2144314?
2, 1072157
List the prime factors of 354914.
2, 7, 101, 251
What are the prime factors of 80211?
3, 26737
What are the prime factors of 2548552?
2, 318569
What are the prime factors of 3333370?
2, 5, 333337
List the prime factors of 190315.
5, 17, 2239
List the prime factors of 21360.
2, 3, 5, 89
List the prime factors of 359039.
569, 631
What are the prime factors of 7245333?
3, 805037
What are the prime factors of 3215757?
3, 1071919
List the prime factors of 666818.
2, 59, 5651
List the prime factors of 699058.
2, 349529
List the prime factors of 36113558.
2, 13, 281, 4943
List the prime factors of 21551913.
3, 31, 2861
What are the prime factors of 299055?
3, 5, 19937
List the prime factors of 2267424.
2, 3, 7873
What are the prime factors of 739235?
5, 7, 21121
What are the prime factors of 2196187?
7, 313741
What are the prime factors of 12039758?
2, 79, 181, 421
List the prime factors of 9285880.
2, 5, 269, 863
List the prime factors of 14377879.
727, 19777
What are the prime factors of 1641429?
3, 19, 29, 331
List the prime factors of 11172386.
2, 733, 7621
List the prime factors of 6106280.
2, 5, 152657
List the prime factors of 2384159.
1277, 1867
What are the prime factors of 50699?
11, 419
What are the prime factors of 2950233?
3, 11, 13, 23
List the prime factors of 2535395.
5, 507079
What are the prime factors of 423364?
2, 53, 1997
List the prime factors of 2338781.
227, 10303
List the prime factors of 9309198.
2, 3, 383, 4051
What are the prime factors of 1918824?
2, 3, 17, 4703
What are the prime factors of 6252428?
2, 7, 13, 89, 193
List the prime factors of 82681.
89, 929
List the prime factors of 130746.
2, 3, 7, 11, 283
What are the prime factors of 228719?
439, 521
List the prime factors of 794420.
2, 5, 11, 23, 157
What are the prime factors of 1451123?
1451123
What are the prime factors of 363289?
31, 11719
List the prime factors of 75133.
75133
What are the prime factors of 280612?
2, 31, 73
What are the prime factors of 4846221?
3, 463, 1163
List the prime factors of 264204.
2, 3, 41, 179
List the prime factors of 2924934.
2, 3, 487489
List the prime factors of 15862370.
2, 5, 53, 173
Wh